 76*y - 75*y - 85 = 0. Suppose 0 = -6*b + b - 3*x + y, 3*b = 2*x + 51. What is the greatest common divisor of z and b?
17
Let n be (-191)/764 - (1 + 7695/(-12)). Calculate the highest common divisor of 6656 and n.
128
Let p = 26019 + -26015. What is the greatest common factor of 5498 and p?
2
Suppose 245*g - 416 = 243*g. Let d(s) = -s**3 + 13*s**2 + 13. Let i be d(13). What is the highest common factor of i and g?
13
Let b be (-5 - (4 + 199)) + (-1 - 0). Let f = b + 253. Calculate the highest common divisor of f and 242.
22
Let t be 2/(-4) - (-16497)/846. Suppose -4*f + 1010 = 22. Calculate the greatest common factor of t and f.
19
Let j(l) = -14*l - 235. Let h be j(9). Let m = h - -711. What is the greatest common divisor of m and 56?
14
Let w = 1540 - 1421. Calculate the highest common factor of w and 15113.
119
Let i be (1/((-4)/(-5862)))/(9/6). Suppose 26*m - i = 63. What is the greatest common divisor of m and 25?
5
Suppose -507 = -3*b + t, -3*b - 24*t = -21*t - 519. Calculate the greatest common divisor of 310 and b.
10
Let d(r) = -23*r**2 - 135*r + 66. Let z be d(-6). Calculate the greatest common factor of 237 and z.
3
Let o = 24 + -9. Suppose 42 - 252 = -2*r. Calculate the highest common factor of r and o.
15
Let o = 242 + -261. Let l(g) = g**3 + 20*g**2 + 15*g - 51. Let v be l(o). Calculate the greatest common factor of 425 and v.
25
Suppose -6*f + 31 = -671. Let v be (f/(-18))/((-1)/2). Suppose 0 = 4*y - 12, -5*y = -2*r - 3*r + 50. What is the highest common divisor of v and r?
13
Let y = 25 + -26. Let p be y*2 - 7/((-28)/32). Suppose -p*l - 5 = -s - 2*l, 2*s - 3*l = 30. What is the greatest common divisor of 7 and s?
7
Suppose -5*k + 3 = -2. Let r be ((-12)/10)/(k/(-5)). Let i be ((-511)/1460 - 6/(-72)) + (-1816)/(-60). Calculate the highest common factor of i and r.
6
Let l be (91 + -89)/(2*(-2)/(-104)). What is the highest common factor of 252 and l?
4
Let d be ((-3)/81)/((-7)/(-2037))*-9. Calculate the highest common divisor of 5917 and d.
97
Suppose -5*u + 167 = -188. Suppose -6*y - u = -395. Let a be (3 + -19)*y/(-12). What is the greatest common factor of a and 9?
9
Let j(p) = 65*p**2 - 79*p - 445. Let x be j(-5). What is the highest common factor of x and 50?
25
Suppose 3*t + t - 4 = 2*m, -5 = m - 5*t. Suppose m = 6*n - 537 - 51. Let y = n + -60. What is the greatest common factor of 95 and y?
19
Suppose 6*n + 19*n - 15088 = -67*n. Suppose l - 4 + 26 = j, 2*j + 4*l - 32 = 0. Calculate the highest common factor of n and j.
4
Let g be 10 - (-2 - (7 + 14)). Let d be 5/((-10)/(-114))*11. What is the highest common divisor of g and d?
33
Let v be -176*((-44)/(-10) + (-12)/30). Let n = 848 + v. Let y be 4/2 + 0 - -94. What is the greatest common factor of y and n?
48
Suppose -9253 + 3169 = -39*c. Calculate the greatest common factor of 1131 and c.
39
Let p(o) = -67*o**3 - o**2 - o - 1. Let y be p(-1). Let f be ((-972)/(-648))/((-1)/(-110)). What is the greatest common divisor of f and y?
33
Suppose 265*p - 261*p = 216. Calculate the highest common divisor of 1386 and p.
18
Suppose 4*j - 775*y = -776*y + 606, -5*y + 598 = 4*j. What is the greatest common factor of 88 and j?
8
Let h be 110 + 2 - (-11 - -13). Suppose 46*c - 12 = 2*v + 41*c, -32 = -3*v - 5*c. What is the greatest common factor of h and v?
2
Let u be 1/(-1)*(-12)/(-2)*1. Let w be (-18)/u*24/9. Let m be (33/2*-1)/((-2)/w). What is the highest common factor of 99 and m?
33
Let s(l) = -l**3 + 11*l**2 + 18*l - 14. Let c be s(7). Let w = -247 + c. Calculate the highest common divisor of 488 and w.
61
Let y(h) = 27*h**2 - 10*h - 22. Let j be y(6). Suppose 6*w = j + 430. What is the highest common divisor of w and 20?
20
Suppose -8 = 7*c + 6. Let t be 2 + c + 0 - -8. Calculate the highest common divisor of 100 and t.
4
Let j be (-44)/(-330) + 1018/15. What is the highest common factor of j and 1649?
17
Let j = -2150 - -3112. Calculate the highest common divisor of 13 and j.
13
Suppose 2*v = -4*z + 148, -3*v - 207 = -2*z - 3*z. Suppose -z*n - 6 = -40*n. What is the highest common factor of n and 162?
6
Let i(q) = -124*q + 172. Let a be i(1). Calculate the highest common divisor of a and 636.
12
Suppose 3*u + 2*y = -84 + 227, -3*y + 190 = 4*u. Let g be (-5600)/u + (-4)/(-14). Let p be g*((-27)/36 + 1/4). What is the highest common divisor of p and 19?
19
Suppose 32*x = 27*x + 4*a + 1692, -4*x + 4*a = -1352. Calculate the highest common factor of 1445 and x.
85
Let d(q) = -q**2 + 28*q - 49. Suppose -17 = -m + 5*g, g + 51 = 4*m + 2. Let l be d(m). Let c be 2/3*39/2. What is the highest common divisor of c and l?
13
Let t(r) = 15*r. Let f be t(-3). Let b = f - -125. Let q be -1*7/((-21)/30). Calculate the greatest common divisor of b and q.
10
Let f(t) = 9*t**3 - 5*t**2 + 9*t + 18. Let j be f(5). Calculate the highest common divisor of 1 and j.
1
Suppose -4*g + 28*s - 26*s + 318282 = 0, 4*s = -3*g + 238739. What is the highest common divisor of g and 13?
13
Suppose -5*z + 9*z = 2*d + 18, -5*z + 15 = 5*d. Suppose -17*w + 41 = 3*x - 18*w, -z*x - 5*w = -80. What is the greatest common divisor of x and 195?
15
Let v = 158 - 68. Suppose -5*m + l + 1128 = 0, -m = -2*l - 143 - 88. What is the highest common factor of v and m?
45
Suppose 65*j - 8833 - 27892 = 0. Calculate the highest common factor of j and 10.
5
Let b(y) = 21*y**3 - 26*y**2 + 4*y - 26. Let v be b(9). Suppose -1162 - v = -23*q. Calculate the greatest common divisor of 25 and q.
25
Let y be 27/36*112/12. Let c = -308 - -469. What is the highest common factor of c and y?
7
Suppose 0 = 220*o - 223*o + 648. Let f = o - 208. What is the highest common factor of f and 20?
4
Let v be ((-12)/9 - -2)*(-8721)/(-38). Calculate the highest common factor of 180 and v.
9
Suppose 4*p = 0, -5*h - 3*p + 293 + 52 = 0. Let t(y) = y + 8*y + 8 + 5 + 0*y**2 + y**2. Let m be t(-10). Calculate the greatest common factor of m and h.
23
Suppose 0 = -36*u + 39*u. Let v be (-408)/(-24) + u + 3. What is the greatest common divisor of v and 460?
20
Suppose -f + 52 = 55, -5*f = -4*d + 15111. Calculate the greatest common divisor of d and 102.
102
Let m(p) = -137 + 3*p**2 - 4*p - p**3 + 5*p**2 + 113. Let a be m(5). What is the highest common factor of 186 and a?
31
Let c be ((-616)/(-10))/(968/1210). Calculate the highest common factor of c and 4697.
77
Suppose -f = -4*d + 1, d - 4*f = -2*d - 9. Let j = 15 - -5. Suppose -5*y + 25 = 5*t, -2*y = -5*y + 2*t + j. Calculate the greatest common factor of y and d.
1
Suppose -5*l = 2*v - 10749, -5485 - 3110 = -4*l - 3*v. What is the greatest common divisor of l and 9?
9
Suppose 4*u = -3*o + 7630, -4*u + 8441 - 797 = -4*o. Calculate the greatest common divisor of 23 and u.
23
Suppose 5*a = -5*d + 65, a + 36 = -5*d + 105. Suppose 0 = -d*t + 3*t + 121. Calculate the greatest common factor of 7 and t.
1
Let d be (1 - (0 + -3)) + -2. Let p = 270 + -271. Let w be (-50)/(-4) - p - 82/(-164). What is the highest common factor of d and w?
2
Let d = 67444 + -45071. What is the greatest common factor of d and 39?
13
Let u(x) = x**2 - 15*x + 70. Let o be u(7). Let a be o + -11 - (1 - -1 - 5). Calculate the highest common divisor of 10 and a.
2
Let x(t) = -28*t + 107. Let u be x(-5). Calculate the greatest common divisor of 117 and u.
13
Suppose 8 = 2*p, -87*p + 132 = 5*w - 84*p. Calculate the greatest common factor of 9096 and w.
24
Let v = 13684 + -13432. What is the highest common divisor of 459 and v?
9
Let l = -323 + 192. Let a = l + 175. What is the greatest common factor of a and 484?
44
Let i = -5741 - -13773. Calculate the greatest common divisor of i and 128.
32
Let h(c) = 3*c - 2. Let n be h(5). Let r = 36703 + -36066. Calculate the greatest common divisor of r and n.
13
Suppose 7*b = -5*b + 137120 + 41152. What is the greatest common divisor of 24 and b?
24
Suppose 2*a + 3*a = 120. Suppose -g - 3*g - a = 4*u, -8 = 2*g + 3*u. Let y = g + 23. What is the greatest common factor of y and 13?
13
Suppose o + 2*s - 12 = 0, -27 = o - 5*s - 4. Suppose -7*g + 10*g = -4*d + 1496, 0 = -5*g - o*d + 2484. Calculate the highest common divisor of g and 32.
16
Let k(j) = 13*j + 74. Let i = 452 + -414. Let v be k(i). What is the highest common divisor of v and 8?
8
Let w = -140 + 144. Let h(l) = -l**3 + 4*l**2 + 5*l + 8. Let 